
{"id":25,"date":"2020-10-26T10:33:04","date_gmt":"2020-10-26T09:33:04","guid":{"rendered":"https:\/\/przedszkole94.edu.wroclaw.pl\/?page_id=25"},"modified":"2026-03-06T08:24:48","modified_gmt":"2026-03-06T07:24:48","slug":"strona-glowna","status":"publish","type":"page","link":"https:\/\/przedszkole94.edu.wroclaw.pl\/","title":{"rendered":"Strona g\u0142\u00f3wna"},"content":{"rendered":"<div class=\"wpb-content-wrapper\"><p>[vc_row css=&#8221;.vc_custom_1732276651464{margin-top: -80px !important;}&#8221;][vc_column width=&#8221;1\/12&#8243;][\/vc_column][vc_column width=&#8221;1\/2&#8243;][vc_wp_text]<\/p>\n<h1 style=\"text-align: center\"><span style=\"font-size: 42pt;color: #3176af\">O Przedszkolu nr 94<\/span><\/h1>\n<p>[\/vc_wp_text][vc_separator color=&#8221;custom&#8221; border_width=&#8221;4&#8243; el_width=&#8221;50&#8243; css=&#8221;.vc_custom_1604495314770{margin-top: -30px !important;}&#8221; accent_color=&#8221;#367db3&#8243;][vc_wp_text]<span style=\"font-size: 14pt\">Przedszkole Nr 94 \u201ePlastusiowy Domek\u201d swoj\u0105 dzia\u0142alno\u015b\u0107 rozpocz\u0119\u0142o w 1967 roku.<\/span><\/p>\n<p><span style=\"font-size: 14pt\">Zlokalizowane jest w dzielnicy Fabryczna przy ulicy Grabiszy\u0144skiej 147 we Wroc\u0142awiu. Do Przedszkola nr 94 \u201ePlastusiowy Domek\u201d ucz\u0119szcza 100 dzieci podzielonych na 4 grupy wiekowe.<\/span><\/p>\n<p><span style=\"font-size: 14pt\">Plac\u00f3wk\u0119 otaczaj\u0105 w wi\u0119kszo\u015bci budynki wielokondygnacyjne oraz zabudowa z okresu przedwojennego i z okresu lat siedemdziesi\u0105tych. Zamieszkuj\u0105 je rodziny wielopokoleniowe.<\/span><br \/>\n<span style=\"font-size: 14pt\">W pobli\u017cu przedszkola powsta\u0142y nowe budynki, w kt\u00f3rych zamieszkuj\u0105 m\u0142odzi ludzie z dzie\u0107mi ucz\u0119szczaj\u0105cymi do naszego przedszkola.<\/span>[\/vc_wp_text][\/vc_column][vc_column width=&#8221;1\/3&#8243;][vc_empty_space height=&#8221;140px&#8221;][vc_wp_text]<img loading=\"lazy\" decoding=\"async\" class=\"alignnone size-medium wp-image-2848\" src=\"https:\/\/przedszkole94.edu.wroclaw.pl\/wp-content\/uploads\/sites\/47\/2024\/11\/Plastus-176x300.jpg\" alt=\"zdj\u0119cie Plastusia\" width=\"176\" height=\"300\" srcset=\"https:\/\/przedszkole94.edu.wroclaw.pl\/wp-content\/uploads\/sites\/47\/2024\/11\/Plastus-176x300.jpg 176w, https:\/\/przedszkole94.edu.wroclaw.pl\/wp-content\/uploads\/sites\/47\/2024\/11\/Plastus-599x1024.jpg 599w, https:\/\/przedszkole94.edu.wroclaw.pl\/wp-content\/uploads\/sites\/47\/2024\/11\/Plastus-768x1312.jpg 768w, https:\/\/przedszkole94.edu.wroclaw.pl\/wp-content\/uploads\/sites\/47\/2024\/11\/Plastus-899x1536.jpg 899w, https:\/\/przedszkole94.edu.wroclaw.pl\/wp-content\/uploads\/sites\/47\/2024\/11\/Plastus-1199x2048.jpg 1199w, https:\/\/przedszkole94.edu.wroclaw.pl\/wp-content\/uploads\/sites\/47\/2024\/11\/Plastus-scaled.jpg 1499w\" sizes=\"auto, (max-width: 176px) 100vw, 176px\" \/><\/p>\n<p style=\"text-align: left\"><img loading=\"lazy\" decoding=\"async\" class=\"alignnone wp-image-30\" src=\"https:\/\/przedszkole94.edu.wroclaw.pl\/wp-content\/uploads\/sites\/47\/2020\/10\/plastus-300x225.jpg\" alt=\"element dekoracyjny przedstawiaj\u0105cy posta\u0107 Plastusia\" width=\"356\" height=\"267\" \/><\/p>\n<p>[\/vc_wp_text][\/vc_column][\/vc_row][vc_row][vc_column width=&#8221;1\/3&#8243;][\/vc_column][vc_column width=&#8221;1\/3&#8243;][\/vc_column][vc_column width=&#8221;1\/3&#8243;][\/vc_column][\/vc_row][vc_row][vc_column][vc_empty_space][\/vc_column][\/vc_row][vc_row][vc_column width=&#8221;1\/12&#8243;][\/vc_column][vc_column width=&#8221;1\/2&#8243;][vc_wp_text]<\/p>\n<h1 style=\"text-align: center\"><span style=\"font-size: 42pt;color: #3176af\">Zaplecze<\/span><\/h1>\n<p>[\/vc_wp_text][vc_separator color=&#8221;custom&#8221; border_width=&#8221;4&#8243; el_width=&#8221;30&#8243; css=&#8221;.vc_custom_1604496121700{margin-top: -30px !important;}&#8221; accent_color=&#8221;#367db3&#8243;][vc_wp_text]<span style=\"font-size: 14pt\">Przedszkole to budynek standardowy, posiadaj\u0105cy cztery sale zaj\u0119\u0107, szatni\u0119 oraz sal\u0119 rekreacyjn\u0105. Plac\u00f3wka jest dobrze wyposa\u017cona w meble, pomoce dydaktyczne i zabawki dostosowane do potrzeb rozwojowych dzieci. Przedszkole otacza ogr\u00f3d, w kt\u00f3rym ro\u015bnie wiele drzew i krzew\u00f3w, a dzieci maj\u0105 okazj\u0119 do prowadzenia obserwacji przyrody. Dzi\u0119ki usytuowaniu placu zabaw za budynkiem panuje w nim cisza, sprzyjaj\u0105ca zabawom na hu\u015btawkach, zje\u017cd\u017calni czy w piaskownicy.<\/span>[\/vc_wp_text][\/vc_column][vc_column width=&#8221;1\/3&#8243;][vc_empty_space height=&#8221;160px&#8221;][vc_wp_text]<img loading=\"lazy\" decoding=\"async\" class=\"alignnone size-medium wp-image-2960\" src=\"https:\/\/przedszkole94.edu.wroclaw.pl\/wp-content\/uploads\/sites\/47\/2025\/03\/szatnia-dziecieca-300x225.jpg\" alt=\"szatnia dzieci\u0119ca\" width=\"300\" height=\"225\" srcset=\"https:\/\/przedszkole94.edu.wroclaw.pl\/wp-content\/uploads\/sites\/47\/2025\/03\/szatnia-dziecieca-300x225.jpg 300w, https:\/\/przedszkole94.edu.wroclaw.pl\/wp-content\/uploads\/sites\/47\/2025\/03\/szatnia-dziecieca-1024x768.jpg 1024w, https:\/\/przedszkole94.edu.wroclaw.pl\/wp-content\/uploads\/sites\/47\/2025\/03\/szatnia-dziecieca-768x576.jpg 768w, https:\/\/przedszkole94.edu.wroclaw.pl\/wp-content\/uploads\/sites\/47\/2025\/03\/szatnia-dziecieca-1536x1152.jpg 1536w, https:\/\/przedszkole94.edu.wroclaw.pl\/wp-content\/uploads\/sites\/47\/2025\/03\/szatnia-dziecieca-2048x1536.jpg 2048w\" sizes=\"auto, (max-width: 300px) 100vw, 300px\" \/><\/p>\n<p><img loading=\"lazy\" decoding=\"async\" class=\"alignnone wp-image-1424 size-medium\" src=\"https:\/\/przedszkole94.edu.wroclaw.pl\/wp-content\/uploads\/sites\/47\/2021\/11\/image0-1-300x225.jpeg\" alt=\"zdj\u0119cie przedstawiaj\u0105ce szatni\u0119 przedszkoln\u0105\" width=\"300\" height=\"225\" \/><\/p>\n<p>&nbsp;<\/p>\n<p><img loading=\"lazy\" decoding=\"async\" class=\"alignnone size-medium wp-image-2862\" src=\"https:\/\/przedszkole94.edu.wroclaw.pl\/wp-content\/uploads\/sites\/47\/2024\/11\/20241129_120235-169x300.jpg\" alt=\"sala rekreacyjna\" width=\"169\" height=\"300\" srcset=\"https:\/\/przedszkole94.edu.wroclaw.pl\/wp-content\/uploads\/sites\/47\/2024\/11\/20241129_120235-169x300.jpg 169w, https:\/\/przedszkole94.edu.wroclaw.pl\/wp-content\/uploads\/sites\/47\/2024\/11\/20241129_120235-576x1024.jpg 576w, https:\/\/przedszkole94.edu.wroclaw.pl\/wp-content\/uploads\/sites\/47\/2024\/11\/20241129_120235-768x1365.jpg 768w, https:\/\/przedszkole94.edu.wroclaw.pl\/wp-content\/uploads\/sites\/47\/2024\/11\/20241129_120235-864x1536.jpg 864w, https:\/\/przedszkole94.edu.wroclaw.pl\/wp-content\/uploads\/sites\/47\/2024\/11\/20241129_120235-1152x2048.jpg 1152w, https:\/\/przedszkole94.edu.wroclaw.pl\/wp-content\/uploads\/sites\/47\/2024\/11\/20241129_120235-scaled.jpg 1440w\" sizes=\"auto, (max-width: 169px) 100vw, 169px\" \/>\u00a0 <img loading=\"lazy\" decoding=\"async\" class=\"alignnone size-medium wp-image-2863\" src=\"https:\/\/przedszkole94.edu.wroclaw.pl\/wp-content\/uploads\/sites\/47\/2024\/11\/20241129_120251-169x300.jpg\" alt=\"sala rekreacyjna\" width=\"169\" height=\"300\" srcset=\"https:\/\/przedszkole94.edu.wroclaw.pl\/wp-content\/uploads\/sites\/47\/2024\/11\/20241129_120251-169x300.jpg 169w, https:\/\/przedszkole94.edu.wroclaw.pl\/wp-content\/uploads\/sites\/47\/2024\/11\/20241129_120251-576x1024.jpg 576w, https:\/\/przedszkole94.edu.wroclaw.pl\/wp-content\/uploads\/sites\/47\/2024\/11\/20241129_120251-768x1365.jpg 768w, https:\/\/przedszkole94.edu.wroclaw.pl\/wp-content\/uploads\/sites\/47\/2024\/11\/20241129_120251-864x1536.jpg 864w, https:\/\/przedszkole94.edu.wroclaw.pl\/wp-content\/uploads\/sites\/47\/2024\/11\/20241129_120251-1152x2048.jpg 1152w, https:\/\/przedszkole94.edu.wroclaw.pl\/wp-content\/uploads\/sites\/47\/2024\/11\/20241129_120251-scaled.jpg 1440w\" sizes=\"auto, (max-width: 169px) 100vw, 169px\" \/><\/p>\n<p><img loading=\"lazy\" decoding=\"async\" class=\"alignnone size-medium wp-image-1802\" src=\"https:\/\/przedszkole94.edu.wroclaw.pl\/wp-content\/uploads\/sites\/47\/2022\/10\/sala-gimnastyczna-225x300.jpg\" alt=\"sala gimnastyczna\" width=\"225\" height=\"300\" \/><\/p>\n<p><img loading=\"lazy\" decoding=\"async\" class=\"alignnone size-medium wp-image-3392\" src=\"https:\/\/przedszkole94.edu.wroclaw.pl\/wp-content\/uploads\/sites\/47\/2026\/03\/sala-gr.-I-169x300.jpg\" alt=\"\" width=\"169\" height=\"300\" srcset=\"https:\/\/przedszkole94.edu.wroclaw.pl\/wp-content\/uploads\/sites\/47\/2026\/03\/sala-gr.-I-169x300.jpg 169w, https:\/\/przedszkole94.edu.wroclaw.pl\/wp-content\/uploads\/sites\/47\/2026\/03\/sala-gr.-I-576x1024.jpg 576w, https:\/\/przedszkole94.edu.wroclaw.pl\/wp-content\/uploads\/sites\/47\/2026\/03\/sala-gr.-I-768x1365.jpg 768w, https:\/\/przedszkole94.edu.wroclaw.pl\/wp-content\/uploads\/sites\/47\/2026\/03\/sala-gr.-I-864x1536.jpg 864w, https:\/\/przedszkole94.edu.wroclaw.pl\/wp-content\/uploads\/sites\/47\/2026\/03\/sala-gr.-I-1152x2048.jpg 1152w, https:\/\/przedszkole94.edu.wroclaw.pl\/wp-content\/uploads\/sites\/47\/2026\/03\/sala-gr.-I-scaled.jpg 1440w\" sizes=\"auto, (max-width: 169px) 100vw, 169px\" \/>\u00a0 <img loading=\"lazy\" decoding=\"async\" class=\"alignnone size-medium wp-image-3391\" src=\"https:\/\/przedszkole94.edu.wroclaw.pl\/wp-content\/uploads\/sites\/47\/2026\/03\/sala-gr.-1-169x300.jpg\" alt=\"\" width=\"169\" height=\"300\" srcset=\"https:\/\/przedszkole94.edu.wroclaw.pl\/wp-content\/uploads\/sites\/47\/2026\/03\/sala-gr.-1-169x300.jpg 169w, https:\/\/przedszkole94.edu.wroclaw.pl\/wp-content\/uploads\/sites\/47\/2026\/03\/sala-gr.-1-576x1024.jpg 576w, https:\/\/przedszkole94.edu.wroclaw.pl\/wp-content\/uploads\/sites\/47\/2026\/03\/sala-gr.-1-768x1365.jpg 768w, https:\/\/przedszkole94.edu.wroclaw.pl\/wp-content\/uploads\/sites\/47\/2026\/03\/sala-gr.-1-864x1536.jpg 864w, https:\/\/przedszkole94.edu.wroclaw.pl\/wp-content\/uploads\/sites\/47\/2026\/03\/sala-gr.-1-1152x2048.jpg 1152w, https:\/\/przedszkole94.edu.wroclaw.pl\/wp-content\/uploads\/sites\/47\/2026\/03\/sala-gr.-1-scaled.jpg 1440w\" sizes=\"auto, (max-width: 169px) 100vw, 169px\" \/><\/p>\n<p>zdj\u0119cia przedstawiaj\u0105ce sal\u0119 grupy I Biedronki<\/p>\n<p><img loading=\"lazy\" decoding=\"async\" class=\"alignnone size-medium wp-image-3393\" src=\"https:\/\/przedszkole94.edu.wroclaw.pl\/wp-content\/uploads\/sites\/47\/2026\/03\/sala-grupa-II-300x169.jpg\" alt=\"\" width=\"300\" height=\"169\" srcset=\"https:\/\/przedszkole94.edu.wroclaw.pl\/wp-content\/uploads\/sites\/47\/2026\/03\/sala-grupa-II-300x169.jpg 300w, https:\/\/przedszkole94.edu.wroclaw.pl\/wp-content\/uploads\/sites\/47\/2026\/03\/sala-grupa-II-1024x576.jpg 1024w, https:\/\/przedszkole94.edu.wroclaw.pl\/wp-content\/uploads\/sites\/47\/2026\/03\/sala-grupa-II-768x432.jpg 768w, https:\/\/przedszkole94.edu.wroclaw.pl\/wp-content\/uploads\/sites\/47\/2026\/03\/sala-grupa-II-1536x864.jpg 1536w, https:\/\/przedszkole94.edu.wroclaw.pl\/wp-content\/uploads\/sites\/47\/2026\/03\/sala-grupa-II-2048x1152.jpg 2048w\" sizes=\"auto, (max-width: 300px) 100vw, 300px\" \/> <img loading=\"lazy\" decoding=\"async\" class=\"alignnone size-medium wp-image-3394\" src=\"https:\/\/przedszkole94.edu.wroclaw.pl\/wp-content\/uploads\/sites\/47\/2026\/03\/sala-gr.-II-169x300.jpg\" alt=\"\" width=\"169\" height=\"300\" srcset=\"https:\/\/przedszkole94.edu.wroclaw.pl\/wp-content\/uploads\/sites\/47\/2026\/03\/sala-gr.-II-169x300.jpg 169w, https:\/\/przedszkole94.edu.wroclaw.pl\/wp-content\/uploads\/sites\/47\/2026\/03\/sala-gr.-II-576x1024.jpg 576w, https:\/\/przedszkole94.edu.wroclaw.pl\/wp-content\/uploads\/sites\/47\/2026\/03\/sala-gr.-II-768x1365.jpg 768w, https:\/\/przedszkole94.edu.wroclaw.pl\/wp-content\/uploads\/sites\/47\/2026\/03\/sala-gr.-II-864x1536.jpg 864w, https:\/\/przedszkole94.edu.wroclaw.pl\/wp-content\/uploads\/sites\/47\/2026\/03\/sala-gr.-II-1152x2048.jpg 1152w, https:\/\/przedszkole94.edu.wroclaw.pl\/wp-content\/uploads\/sites\/47\/2026\/03\/sala-gr.-II-scaled.jpg 1440w\" sizes=\"auto, (max-width: 169px) 100vw, 169px\" \/> <img loading=\"lazy\" decoding=\"async\" class=\"alignnone size-medium wp-image-3395\" src=\"https:\/\/przedszkole94.edu.wroclaw.pl\/wp-content\/uploads\/sites\/47\/2026\/03\/korytarzyk-przed-sala-gr.-II-300x169.jpg\" alt=\"\" width=\"300\" height=\"169\" srcset=\"https:\/\/przedszkole94.edu.wroclaw.pl\/wp-content\/uploads\/sites\/47\/2026\/03\/korytarzyk-przed-sala-gr.-II-300x169.jpg 300w, https:\/\/przedszkole94.edu.wroclaw.pl\/wp-content\/uploads\/sites\/47\/2026\/03\/korytarzyk-przed-sala-gr.-II-1024x576.jpg 1024w, https:\/\/przedszkole94.edu.wroclaw.pl\/wp-content\/uploads\/sites\/47\/2026\/03\/korytarzyk-przed-sala-gr.-II-768x432.jpg 768w, https:\/\/przedszkole94.edu.wroclaw.pl\/wp-content\/uploads\/sites\/47\/2026\/03\/korytarzyk-przed-sala-gr.-II-1536x864.jpg 1536w, https:\/\/przedszkole94.edu.wroclaw.pl\/wp-content\/uploads\/sites\/47\/2026\/03\/korytarzyk-przed-sala-gr.-II-2048x1152.jpg 2048w\" sizes=\"auto, (max-width: 300px) 100vw, 300px\" \/><\/p>\n<p>zdj\u0119cia przedstawiaj\u0105ce sal\u0119 grupy II Pszcz\u00f3\u0142ki oraz korytarzyk przed wej\u015bciem na sal\u0119<\/p>\n<p><img loading=\"lazy\" decoding=\"async\" class=\"alignnone size-medium wp-image-3396\" src=\"https:\/\/przedszkole94.edu.wroclaw.pl\/wp-content\/uploads\/sites\/47\/2026\/03\/3-300x169.jpg\" alt=\"\" width=\"300\" height=\"169\" srcset=\"https:\/\/przedszkole94.edu.wroclaw.pl\/wp-content\/uploads\/sites\/47\/2026\/03\/3-300x169.jpg 300w, https:\/\/przedszkole94.edu.wroclaw.pl\/wp-content\/uploads\/sites\/47\/2026\/03\/3-1024x576.jpg 1024w, https:\/\/przedszkole94.edu.wroclaw.pl\/wp-content\/uploads\/sites\/47\/2026\/03\/3-768x432.jpg 768w, https:\/\/przedszkole94.edu.wroclaw.pl\/wp-content\/uploads\/sites\/47\/2026\/03\/3-1536x864.jpg 1536w, https:\/\/przedszkole94.edu.wroclaw.pl\/wp-content\/uploads\/sites\/47\/2026\/03\/3-2048x1152.jpg 2048w\" sizes=\"auto, (max-width: 300px) 100vw, 300px\" \/> <img loading=\"lazy\" decoding=\"async\" class=\"alignnone size-medium wp-image-3397\" src=\"https:\/\/przedszkole94.edu.wroclaw.pl\/wp-content\/uploads\/sites\/47\/2026\/03\/III-169x300.jpg\" alt=\"\" width=\"169\" height=\"300\" srcset=\"https:\/\/przedszkole94.edu.wroclaw.pl\/wp-content\/uploads\/sites\/47\/2026\/03\/III-169x300.jpg 169w, https:\/\/przedszkole94.edu.wroclaw.pl\/wp-content\/uploads\/sites\/47\/2026\/03\/III-576x1024.jpg 576w, https:\/\/przedszkole94.edu.wroclaw.pl\/wp-content\/uploads\/sites\/47\/2026\/03\/III-768x1365.jpg 768w, https:\/\/przedszkole94.edu.wroclaw.pl\/wp-content\/uploads\/sites\/47\/2026\/03\/III-864x1536.jpg 864w, https:\/\/przedszkole94.edu.wroclaw.pl\/wp-content\/uploads\/sites\/47\/2026\/03\/III-1152x2048.jpg 1152w, https:\/\/przedszkole94.edu.wroclaw.pl\/wp-content\/uploads\/sites\/47\/2026\/03\/III-scaled.jpg 1440w\" sizes=\"auto, (max-width: 169px) 100vw, 169px\" \/><\/p>\n<p>zdj\u0119cia przedstawiaj\u0105ce sal\u0119 grupy III Motylki<\/p>\n<p><img loading=\"lazy\" decoding=\"async\" class=\"alignnone size-medium wp-image-3398\" src=\"https:\/\/przedszkole94.edu.wroclaw.pl\/wp-content\/uploads\/sites\/47\/2026\/03\/sala-grupa-IV-300x169.jpg\" alt=\"\" width=\"300\" height=\"169\" srcset=\"https:\/\/przedszkole94.edu.wroclaw.pl\/wp-content\/uploads\/sites\/47\/2026\/03\/sala-grupa-IV-300x169.jpg 300w, https:\/\/przedszkole94.edu.wroclaw.pl\/wp-content\/uploads\/sites\/47\/2026\/03\/sala-grupa-IV-1024x576.jpg 1024w, https:\/\/przedszkole94.edu.wroclaw.pl\/wp-content\/uploads\/sites\/47\/2026\/03\/sala-grupa-IV-768x432.jpg 768w, https:\/\/przedszkole94.edu.wroclaw.pl\/wp-content\/uploads\/sites\/47\/2026\/03\/sala-grupa-IV-1536x864.jpg 1536w, https:\/\/przedszkole94.edu.wroclaw.pl\/wp-content\/uploads\/sites\/47\/2026\/03\/sala-grupa-IV-2048x1152.jpg 2048w\" sizes=\"auto, (max-width: 300px) 100vw, 300px\" \/> <img loading=\"lazy\" decoding=\"async\" class=\"alignnone size-medium wp-image-3399\" src=\"https:\/\/przedszkole94.edu.wroclaw.pl\/wp-content\/uploads\/sites\/47\/2026\/03\/sala-gr.-4-169x300.jpg\" alt=\"\" width=\"169\" height=\"300\" srcset=\"https:\/\/przedszkole94.edu.wroclaw.pl\/wp-content\/uploads\/sites\/47\/2026\/03\/sala-gr.-4-169x300.jpg 169w, https:\/\/przedszkole94.edu.wroclaw.pl\/wp-content\/uploads\/sites\/47\/2026\/03\/sala-gr.-4-576x1024.jpg 576w, https:\/\/przedszkole94.edu.wroclaw.pl\/wp-content\/uploads\/sites\/47\/2026\/03\/sala-gr.-4-768x1365.jpg 768w, https:\/\/przedszkole94.edu.wroclaw.pl\/wp-content\/uploads\/sites\/47\/2026\/03\/sala-gr.-4-864x1536.jpg 864w, https:\/\/przedszkole94.edu.wroclaw.pl\/wp-content\/uploads\/sites\/47\/2026\/03\/sala-gr.-4-1152x2048.jpg 1152w, https:\/\/przedszkole94.edu.wroclaw.pl\/wp-content\/uploads\/sites\/47\/2026\/03\/sala-gr.-4-scaled.jpg 1440w\" sizes=\"auto, (max-width: 169px) 100vw, 169px\" \/><\/p>\n<p>zdj\u0119cia przedstawiaj\u0105ce sal\u0119 grupy IV \u017babki[\/vc_wp_text][\/vc_column][\/vc_row]<\/p>\n<\/div>","protected":false},"excerpt":{"rendered":"<p>[vc_row css=&#8221;.vc_custom_1732276651464{margin-top: -80px !important;}&#8221;][vc_column width=&#8221;1\/12&#8243;][\/vc_column][vc_column width=&#8221;1\/2&#8243;][vc_wp_text] O Przedszkolu nr 94 [\/vc_wp_text][vc_separator color=&#8221;custom&#8221; border_width=&#8221;4&#8243; el_width=&#8221;50&#8243; css=&#8221;.vc_custom_1604495314770{margin-top: -30px !important;}&#8221; accent_color=&#8221;#367db3&#8243;][vc_wp_text]Przedszkole Nr 94 \u201ePlastusiowy Domek\u201d swoj\u0105 dzia\u0142alno\u015b\u0107 rozpocz\u0119\u0142o w 1967 roku. Zlokalizowane jest [&hellip;]<\/p>\n","protected":false},"author":7,"featured_media":0,"parent":0,"menu_order":0,"comment_status":"closed","ping_status":"closed","template":"","meta":{"ngg_post_thumbnail":0,"footnotes":""},"class_list":["post-25","page","type-page","status-publish","hentry","clearfix"],"_links":{"self":[{"href":"https:\/\/przedszkole94.edu.wroclaw.pl\/index.php\/wp-json\/wp\/v2\/pages\/25","targetHints":{"allow":["GET"]}}],"collection":[{"href":"https:\/\/przedszkole94.edu.wroclaw.pl\/index.php\/wp-json\/wp\/v2\/pages"}],"about":[{"href":"https:\/\/przedszkole94.edu.wroclaw.pl\/index.php\/wp-json\/wp\/v2\/types\/page"}],"author":[{"embeddable":true,"href":"https:\/\/przedszkole94.edu.wroclaw.pl\/index.php\/wp-json\/wp\/v2\/users\/7"}],"replies":[{"embeddable":true,"href":"https:\/\/przedszkole94.edu.wroclaw.pl\/index.php\/wp-json\/wp\/v2\/comments?post=25"}],"version-history":[{"count":149,"href":"https:\/\/przedszkole94.edu.wroclaw.pl\/index.php\/wp-json\/wp\/v2\/pages\/25\/revisions"}],"predecessor-version":[{"id":3400,"href":"https:\/\/przedszkole94.edu.wroclaw.pl\/index.php\/wp-json\/wp\/v2\/pages\/25\/revisions\/3400"}],"wp:attachment":[{"href":"https:\/\/przedszkole94.edu.wroclaw.pl\/index.php\/wp-json\/wp\/v2\/media?parent=25"}],"curies":[{"name":"wp","href":"https:\/\/api.w.org\/{rel}","templated":true}]}}